{"id":800,"date":"2025-06-01T23:08:40","date_gmt":"2025-06-01T22:08:40","guid":{"rendered":"https:\/\/www.comturquoise.fr\/developpement-personnel-france\/?page_id=800"},"modified":"2025-06-01T23:09:47","modified_gmt":"2025-06-01T22:09:47","slug":"thomas-dansembourg","status":"publish","type":"page","link":"https:\/\/www.comturquoise.fr\/developpement-personnel-france\/thomas-dansembourg\/","title":{"rendered":"Thomas d\u2019Ansembourg"},"content":{"rendered":"\n<figure class=\"wp-container-2 wp-block-gallery-1 wp-block-gallery has-nested-images columns-default is-cropped\">\n<figure class=\"wp-block-image size-large\"><img loading=\"lazy\" width=\"900\" height=\"1024\" data-id=\"555\"  src=\"https:\/\/www.comturquoise.fr\/developpement-personnel-france\/wp-content\/uploads\/2025\/01\/20180925_204809.jpg\" alt=\"\" class=\"wp-image-555\" srcset=\"https:\/\/www.comturquoise.fr\/developpement-personnel-france\/wp-content\/uploads\/2025\/01\/20180925_204809.jpg 900w, https:\/\/www.comturquoise.fr\/developpement-personnel-france\/wp-content\/uploads\/2025\/01\/20180925_204809-264x300.jpg 264w, https:\/\/www.comturquoise.fr\/developpement-personnel-france\/wp-content\/uploads\/2025\/01\/20180925_204809-768x874.jpg 768w\" sizes=\"(max-width: 900px) 100vw, 900px\" \/><\/figure>\n\n\n\n<figure class=\"wp-block-image size-large\"><img loading=\"lazy\" width=\"400\" height=\"400\" data-id=\"492\"  src=\"https:\/\/www.comturquoise.fr\/developpement-personnel-france\/wp-content\/uploads\/2023\/12\/DSC_0868_400x400.jpeg\" alt=\"\" class=\"wp-image-492\" srcset=\"https:\/\/www.comturquoise.fr\/developpement-personnel-france\/wp-content\/uploads\/2023\/12\/DSC_0868_400x400.jpeg 400w, https:\/\/www.comturquoise.fr\/developpement-personnel-france\/wp-content\/uploads\/2023\/12\/DSC_0868_400x400-300x300.jpeg 300w, https:\/\/www.comturquoise.fr\/developpement-personnel-france\/wp-content\/uploads\/2023\/12\/DSC_0868_400x400-150x150.jpeg 150w, https:\/\/www.comturquoise.fr\/developpement-personnel-france\/wp-content\/uploads\/2023\/12\/DSC_0868_400x400-200x200.jpeg 200w\" sizes=\"(max-width: 400px) 100vw, 400px\" \/><\/figure>\n\n\n\n<figure class=\"wp-block-image size-large\"><img loading=\"lazy\" width=\"780\" height=\"780\" data-id=\"490\"  src=\"https:\/\/www.comturquoise.fr\/developpement-personnel-france\/wp-content\/uploads\/2023\/12\/32915311_1375429952557512_2997083854809858048_n.jpg\" alt=\"\" class=\"wp-image-490\" srcset=\"https:\/\/www.comturquoise.fr\/developpement-personnel-france\/wp-content\/uploads\/2023\/12\/32915311_1375429952557512_2997083854809858048_n.jpg 780w, https:\/\/www.comturquoise.fr\/developpement-personnel-france\/wp-content\/uploads\/2023\/12\/32915311_1375429952557512_2997083854809858048_n-300x300.jpg 300w, https:\/\/www.comturquoise.fr\/developpement-personnel-france\/wp-content\/uploads\/2023\/12\/32915311_1375429952557512_2997083854809858048_n-150x150.jpg 150w, https:\/\/www.comturquoise.fr\/developpement-personnel-france\/wp-content\/uploads\/2023\/12\/32915311_1375429952557512_2997083854809858048_n-768x768.jpg 768w, https:\/\/www.comturquoise.fr\/developpement-personnel-france\/wp-content\/uploads\/2023\/12\/32915311_1375429952557512_2997083854809858048_n-200x200.jpg 200w\" sizes=\"(max-width: 780px) 100vw, 780px\" \/><\/figure>\n\n\n\n<figure class=\"wp-block-image size-large\"><img loading=\"lazy\" width=\"1707\" height=\"1516\" data-id=\"482\"  src=\"https:\/\/www.comturquoise.fr\/developpement-personnel-france\/wp-content\/uploads\/2023\/12\/IMGL7293-1-scaled-e1728853973905.jpg\" alt=\"\" class=\"wp-image-482\" srcset=\"https:\/\/www.comturquoise.fr\/developpement-personnel-france\/wp-content\/uploads\/2023\/12\/IMGL7293-1-scaled-e1728853973905.jpg 1707w, https:\/\/www.comturquoise.fr\/developpement-personnel-france\/wp-content\/uploads\/2023\/12\/IMGL7293-1-scaled-e1728853973905-300x266.jpg 300w, https:\/\/www.comturquoise.fr\/developpement-personnel-france\/wp-content\/uploads\/2023\/12\/IMGL7293-1-scaled-e1728853973905-1024x909.jpg 1024w, https:\/\/www.comturquoise.fr\/developpement-personnel-france\/wp-content\/uploads\/2023\/12\/IMGL7293-1-scaled-e1728853973905-768x682.jpg 768w, https:\/\/www.comturquoise.fr\/developpement-personnel-france\/wp-content\/uploads\/2023\/12\/IMGL7293-1-scaled-e1728853973905-1536x1364.jpg 1536w\" sizes=\"(max-width: 1707px) 100vw, 1707px\" \/><figcaption>Thomas d&rsquo;ansembourg<\/figcaption><\/figure>\n<\/figure>\n\n\n<p>C\u2019est un auteur que Com Turquoise affectionne particuli\u00e8rement pour organiser des conf\u00e9rences et<br \/>ateliers pour lui depuis 2005, et appr\u00e9cier chez Thomas son c\u00f4t\u00e9 bon vivant belge\u00a0!<\/p>\n<p>Thomas d\u2019Ansembourg a exerc\u00e9 la profession d\u2019avocat au Barreau de Bruxelles pendant cinq ans et<br \/>travaill\u00e9 dans une entreprise internationale comme conseiller juridique pendant dix ans.<br \/>Parall\u00e8lement il s\u2019est engag\u00e9, pendant dix ans \u00e9galement, en tant que responsable-animateur<br \/>b\u00e9n\u00e9vole d\u2019une association dans l\u2019aide concr\u00e8te aux jeunes qui connaissent des probl\u00e8mes de<br \/>d\u00e9linquance, violence, prostitution et d\u00e9pendances de toutes sortes.<\/p>\n<p>Par cette double approche, juridique et sociale, il s\u2019est t\u00f4t impliqu\u00e9 dans la gestion des conflits et la<br \/>recherche de sens.<\/p>\n<p>Dans le souhait de comprendre la difficult\u00e9 d\u2019\u00eatre en g\u00e9n\u00e9ral et particuli\u00e8rement la violence, Thomas<br \/>d\u2019Ansembourg entreprend une psychoth\u00e9rapie (psychanalyse) pour plusieurs ann\u00e9es.<br \/>D\u00e8s les premi\u00e8res semaines de ce travail sur lui, il d\u00e9couvre la libert\u00e9 de prendre du champ sur<br \/>l\u2019inconscient et particuli\u00e8rement la joie qu\u2019il y a \u00e0 prendre conscience de sc\u00e9narii \u00e0 r\u00e9p\u00e9tition dans<br \/>lesquels il se trouvait enferm\u00e9 sans m\u00eame le savoir, et \u00e0 s\u2019en d\u00e9-pi\u00e9ger. Il mesure qu\u2019il aurait pu<br \/>passer sa vie, se croyant libre, alors qu\u2019il \u00e9tait pris au pi\u00e8ge de ses conditionnements \u00e9ducatifs,<br \/>habitudes de pens\u00e9e et syst\u00e8mes de croyances. Il d\u00e9cide alors de devenir lui-m\u00eame psychoth\u00e9rapeute pour pouvoir partager ces prises de consciences et accompagner d\u2019autres personnes dans les processus d\u2019ouvertures de c\u0153ur et de conscience.<\/p>\n<p>Il se forme \u00e0 diff\u00e9rentes approches psychoth\u00e9rapeutiques, et particuli\u00e8rement \u00e0 la m\u00e9thode de la<br \/>Communication NonViolente (CNV) avec son fondateur Marshall Rosenberg (Docteur en psychologie,<br \/>USA).\u00a0\u00a0\u00a0Devenu en 1994 formateur certifi\u00e9 en Communication NonViolente (membre du r\u00e9seau<br \/>international \u201cthe Center for Nonviolent Communication\u201d), il enseigne principalement cette<br \/>approche qu\u2019il appelle le plus souvent : le processus de Conscience NonViolente, nos habitudes de<br \/>violence subtile \u00e9tant souvent inconscientes et donc \u00e0 d\u00e9manteler d\u2019abord dans notre conscience<br \/>puis dans nos modes relationnels.\u00a0<\/p>\n<p>Il participe a diff\u00e9rents groupes et formations th\u00e9rapeutiques et devient en 1994 assistant, puis<\/p>\n<p>collaborateur du psychanalyste jungien qu\u00e9b\u00e9cois Guy Corneau (auteur des livres \u201cP\u00e8re manquant,<br \/>fils manqu\u00e9\u201d, \u201cN\u2019y a-t-il pas d\u2019amour heureux\u201d, \u201cLa gu\u00e9rison du c\u0153ur, nos souffrances ont-elles un<br \/>sens ?\u201d, \u00ab Victime des Autres, Bourreau de soi-m\u00eame \u00bb, \u00ab Le Meilleur de Soi \u00bb) dans le cadre<br \/>d\u2019ateliers qui permettent d\u2019explorer la relation entretenue avec soi-m\u00eame, avec les autres (parents,<br \/>conjoint, enfants, famille, coll\u00e8gues, etc.) et avec la vie.<\/p>\n<p>Depuis 1995, il anime des conf\u00e9rences et ateliers en Belgique, en France, en Suisse, au Qu\u00e9bec et au<br \/>Maroc. Il a pratiqu\u00e9 pendant plus de dix ans la consultation individuelle et familiale, mais ne re\u00e7oit<br \/>plus en consultation.<\/p>\n<p>En f\u00e9vrier 2001, il publie son premier livre \u201cCessez d\u2019\u00eatre gentil, soyez vrai \u2013 Etre avec les autres en<br \/>restant soi-m\u00eame\u201d, aux Editions de l\u2019Homme, qui devient rapidement un best-seller (plus d\u2019un million<br \/>d\u2019exemplaires vendus\u00a0 et une vingtaine de traductions.)<\/p>\n<p>En mai 2004, il publie son deuxi\u00e8me livre \u00ab Etre heureux ce n\u2019est pas n\u00e9cessairement confortable \u00bb<br \/>qui devient \u00e9galement un succ\u00e8s (60 000 exemplaires vendus en 2009), \u00e9dit\u00e9 aux Editions de<br \/>l\u2019Homme et chez Pocket<\/p>\n<p>En 2006 : il propose une conf\u00e9rence-spectacle co-anim\u00e9e avec la com\u00e9dienne Dominique Lahaut \u00ab<br \/>Guerre et Paix dans le couple. Petite mise en sc\u00e8ne(s) de m\u00e9nage \u00bb, bas\u00e9 sur des sayn\u00e8tes \u00e9crites par<br \/>Guy Corneau.<\/p>\n<p>En octobre 2008 il sort son troisi\u00e8me livre \u00ab Du Je au Nous \u2013 L\u2019Int\u00e9riorit\u00e9 Citoyenne : le meilleur de<br \/>soi au service de tous \u00bb.\u00a0<\/p>\n<p>En novembre 2016, il publie chez Actes Sud \u00ab La paix \u00e7a s\u2019apprend. Gu\u00e9rir de la violence et du<br \/>terrorisme \u00bb , co-\u00e9crit avec l\u2019\u00e9crivain belge David Van Reybrouck, historien des civilisations.<\/p>\n<p>En octobre 2020, il sort \u00ab Notre fa\u00e7on d\u2019\u00eatre adulte fait-elle sens et envie pour les jeunes ?<br \/>Les ateliers et les conf\u00e9rences qu\u2019il anime \u2013 en mouvement, de fa\u00e7on vivante et illustr\u00e9e \u2013 s\u2019inspirent<br \/>de ses diff\u00e9rentes formations et exp\u00e9riences de vie et s\u2019adressent \u00e0 toute personne qui cherche \u00e0<br \/>mieux se comprendre elle-m\u00eame, \u00e0 mieux comprendre les autres, \u00e0 \u00eatre plus consciente,<br \/>bienveillante et responsable, et \u00e0 trouver plus de sens et de joie \u00e0 partager .<br \/>Il vit en Belgique avec sa femme Val\u00e9rie, et leurs trois filles.<\/p>\n<p>\u00a0<\/p>\n\n\n<div class=\"wp-container-4 wp-block-columns\">\n<div class=\"wp-container-3 wp-block-column\"><\/div>\n<\/div>\n","protected":false},"excerpt":{"rendered":"<p>C\u2019est un auteur que Com Turquoise affectionne particuli\u00e8rement pour organiser des conf\u00e9rences etateliers pour lui depuis 2005, et appr\u00e9cier chez Thomas son c\u00f4t\u00e9 bon vivant belge\u00a0! Thomas d\u2019Ansembourg a exerc\u00e9 [&hellip;]<\/p>\n","protected":false},"author":1,"featured_media":0,"parent":0,"menu_order":0,"comment_status":"closed","ping_status":"closed","template":"","meta":[],"_links":{"self":[{"href":"https:\/\/www.comturquoise.fr\/developpement-personnel-france\/wp-json\/wp\/v2\/pages\/800"}],"collection":[{"href":"https:\/\/www.comturquoise.fr\/developpement-personnel-france\/wp-json\/wp\/v2\/pages"}],"about":[{"href":"https:\/\/www.comturquoise.fr\/developpement-personnel-france\/wp-json\/wp\/v2\/types\/page"}],"author":[{"embeddable":true,"href":"https:\/\/www.comturquoise.fr\/developpement-personnel-france\/wp-json\/wp\/v2\/users\/1"}],"replies":[{"embeddable":true,"href":"https:\/\/www.comturquoise.fr\/developpement-personnel-france\/wp-json\/wp\/v2\/comments?post=800"}],"version-history":[{"count":3,"href":"https:\/\/www.comturquoise.fr\/developpement-personnel-france\/wp-json\/wp\/v2\/pages\/800\/revisions"}],"predecessor-version":[{"id":803,"href":"https:\/\/www.comturquoise.fr\/developpement-personnel-france\/wp-json\/wp\/v2\/pages\/800\/revisions\/803"}],"wp:attachment":[{"href":"https:\/\/www.comturquoise.fr\/developpement-personnel-france\/wp-json\/wp\/v2\/media?parent=800"}],"curies":[{"name":"wp","href":"https:\/\/api.w.org\/{rel}","templated":true}]}}